et c(b) = -21*b - 1. Let u be c(-2). Suppose -2*x + 149 = -u. Suppose 3*y + 2*y = x. Calculate the remainder when y is divided by 10.
9
Let g(d) = d**2 + 3*d + 2. Suppose 4*v = 5 - 29. Calculate the remainder when g(v) is divided by 7.
6
Let a = -6 - -10. Suppose 24 = a*p - p. Calculate the remainder when 39 is divided by p.
7
Let a = 145 + -56. Calculate the remainder when a is divided by 18.
17
Let b = 165 + -73. What is the remainder when b is divided by 19?
16
Let o(r) = -r**3 + r**2 + 1. Let g(l) = -l**2 + 2*l + 4. Let i(s) = g(s) - 3*o(s). Let f be (-3)/6 + (-5)/(-2). What is the remainder when i(f) is divided by 4?
1
Suppose 4*l - 1 = -0*l - 5*v, 3*l + 2*v - 6 = 0. What is the remainder when 9 is divided by l?
1
Let d = -66 - -124. Calculate the remainder when d is divided by (-1)/(-3) - 70/(-6).
10
What is the remainder when 5*(224/(-20))/(-4) is divided by 8?
6
Let f(m) = 2*m**3 + 2*m**2 - 2*m. Let n = -503 + 520. Calculate the remainder when f(3) is divided by n.
15
Let w = 25 + -20. What is the remainder when 14 is divided by w?
4
Suppose 0 = -5*v - z + 25, -v + 20 = 3*v + 5*z. Suppose v*g - 133 = -23. What is the remainder when 64 is divided by g?
20
What is the remainder when 22 is divided by (1 - 3)*(-13)/(52/24)?
10
Let b = 4 - 3. Let i(d) = 2*d**2 - 2*d + 1. What is the remainder when b is divided by i(1)?
0
Suppose 5*d - 3*d = 2. Let z(c) = -2*c. Let w be z(-2). Let f(g) = g**3 - 5*g**2 + 3*g + 5. What is the remainder when f(w) is divided by d?
0
Let o(q) = -10*q - 60. Suppose -4*m = -b - 50, m - 11 = -0*m + b. Calculate the remainder when o(-11) is divided by m.
11
Suppose -8 = 3*z + x - 5*x, -z + 4*x = 16. Suppose -2*l + 22 = z*m, l + 19 = 4*m - 0*l. Suppose 0 = v - 6 - m. What is the remainder when v is divided by 6?
5
Suppose -2 + 8 = 3*g. Suppose 40 = 5*i - 5*r, 34 = 5*i + g*r - 41. What is the remainder when 24 is divided by i?
11
Let o be (2/4)/(2/8). Suppose r - 5*w = 94, 4*r + 3*w - 376 = w. Suppose 0 = -4*y + o*y + r. What is the remainder when y is divided by 24?
23
Let i(l) = -l**3 + 2*l**2. Let s be i(2). Suppose -2*v + 48 = -0*h + 2*h, s = -5*h - 5. Let y = 22 - 13. Calculate the remainder when v is divided by y.
7
Let k(s) = -s**2 + 7*s - 1. Let b be k(7). What is the remainder when b/2 + (-83)/(-2) is divided by 21?
20
Let w(c) = -c**3 + 7*c**2 - 5*c + 5. Calculate the remainder when 88 is divided by w(5).
28
Suppose -19 = -d - 2*u, -d = -u - 8 - 20. Suppose 19*n - 6*n - 117 = 0. Calculate the remainder when d is divided by n.
7
Suppose -2*m + 4 = 0, 3*c + 34 = -c - 3*m. Let s = c - -14. Suppose -q + 145 = s*b, q + 40 = 4*b - 3*b. Calculate the remainder when b is divided by 13.
11
Suppose -3*x - 1 - 17 = 0. Let o be (6 - -2)*x/4. What is the remainder when 17 is divided by (-162)/o*2/3?
8
Let x = 17 - -21. What is the remainder when x is divided by 10?
8
Let x = 35 - -15. Suppose 2*q = -3*c + 75, q + x = 2*c - 4*q. Let s = c - 12. What is the remainder when 24 is divided by s?
11
Let a = 33 - 12. Suppose -2*t = 5*i - 136, -4*i = 3*t - a - 183. Calculate the remainder when t is divided by 23.
22
Let x = 11 + 6. What is the remainder when 33 is divided by x?
16
Let c(h) = h**2 + h - 4. Let q be c(-3). Suppose w + q*l = 6 + 10, 4*w = -2*l + 94. What is the remainder when w is divided by 9?
8
Suppose -2*z + 16*r - 18*r + 16 = 0, 4*r + 24 = 3*z. Suppose -19 = -b + 2. Calculate the remainder when b is divided by z.
5
Let n(u) = 9*u - 1. Suppose -4*p + 4*l = 12, 0 = -p + 6*p - 3*l + 5. What is the remainder when n(p) is divided by 9?
8
Suppose -5*m = 3*a - 0*a - 123, 0 = 2*a - 2. Calculate the remainder when m is divided by 9.
6
Let c(y) = y**3 + 13*y**2 + 11*y - 6. Calculate the remainder when 11 is divided by c(-12).
5
Suppose -14 = 3*x - 5*x. Suppose 2*n + 20 = x*n. Suppose r + 21 = j - 1, 0 = n*j + r - 63. What is the remainder when 48 is divided by j?
14
Suppose 5*z - 4*z - 34 = 5*f, -2*f = z - 13. Let g(x) = 2 + x**2 + 0*x + 6*x + 5 - 4. What is the remainder when z is divided by g(-7)?
9
Suppose 4*i = 3*i + 19. Calculate the remainder when i is divided by 11.
8
Let f = 10 - 0. Suppose 337*b - 333*b = 68. Calculate the remainder when b is divided by f.
7
Suppose c = 5*c + 156. Let d = -22 - c. Calculate the remainder when d is divided by 9.
8
Let p(m) be the second derivative of -m**3/3 - 3*m**2/2 + 4*m. Calculate the remainder when p(-10) is divided by 10.
7
Let v = 32 + -22. Calculate the remainder when 18 is divided by v.
8
Let j = -3 + 7. Let v be (-11)/(-3) + 4/(-6). Calculate the remainder when 41/v - (-1)/3 is divided by j.
2
Let a be (-13)/(-5) - (-8)/20. Suppose 5*s = -2*x + 9, -a*x + 2*s + 42 = -0*s. Calculate the remainder when 354/10 - (-2)/(-5) is divided by x.
11
What is the remainder when (-760)/(-32) - 1/(-4) is divided by 13?
11
Calculate the remainder when 40 is divided by 808/72 + 2/(-9).
7
Let m(p) be the first derivative of p**3/3 + 2*p**2 + 3*p + 2. Let b be m(-3). Let f(n) = -n**2 + 28. Calculate the remainder when f(b) is divided by 10.
8
Let h = 4 + 2. Suppose h*u = 2*u + 96. Let z = -19 + 32. Calculate the remainder when u is divided by z.
11
Suppose -26*a + 22*a = -96. What is the remainder when 69 is divided by a?
21
Suppose 15 + 9 = 4*b. Calculate the remainder when b is divided by 2.
0
Let q(s) = -s**3 + 4*s**2 - 3*s + 3. What is the remainder when 10 is divided by q(3)?
1
Let d be (-105)/(-4)*(6 - 2). Suppose 0 = 4*v + v - d. Let m = 24 - 13. What is the remainder when v is divided by m?
10
What is the remainder when 79 is divided by (-36)/(6/(-2)) + 4?
15
Let m be (1 + 1)*6/4. Let i(n) = -2*n + 2 - 1 + m*n. Calculate the remainder when 16 is divided by i(5).
4
Let p(x) = 6*x + 2. What is the remainder when 38 is divided by p(2)?
10
Suppose -9*y = -0*y - 189. What is the remainder when 58 is divided by y?
16
Let x(u) = u**3 - 4*u**2 - 8*u + 2. Let q(n) = -n**2 + 8*n - 6. What is the remainder when x(6) is divided by q(5)?
8
Let b(w) = -16*w - 11. What is the remainder when 26 is divided by b(-1)?
1
Calculate the remainder when 9 is divided by (-58)/(-10) + (-1)/(-5).
3
What is the remainder when 86 is divided by ((-7)/4)/7 + 267/12?
20
What is the remainder when 80 is divided by -10 + 7 - (-88)/2?
39
Suppose 0 = 3*s + r + 2, 2*s = 3*r - 11 - 5. Suppose -2*v + 67 - 7 = 0. Calculate the remainder when v is divided by 18 + (-3 - s - 1).
14
Let l = 64 - 49. What is the remainder when 56 is divided by l?
11
Let m be 2*1/7*7. Suppose -5*j + s = 6*s + 5, 0 = 4*j + 2*s. Suppose -j = m*i - 7. What is the remainder when 8 is divided by i?
2
Suppose -6*c + c = 305. Let q = c + 101. Let t = 85 - q. Calculate the remainder when t is divided by 16.
13
Suppose 3*s + 45 - 198 = 0. Let v = s - -1. Calculate the remainder when v is divided by 18.
16
Let v be 3/6*(1 - 1). Suppose -3*j - y + 37 = v, 3*j - 49 = -j - y. Calculate the remainder when (-25)/(-1)*j/10 is divided by 16.
14
Suppose -r - 15 = 5*x, 4*x + 3*r = -0*r - 23. Let n = 7 - x. Calculate the remainder when (-1 - 0)/(1/(-16)) is divided by n.
7
Suppose -3*n + 165 = -54. Suppose i = -3*k - 4*i + 82, -i = -k + 14. Calculate the remainder when n is divided by k.
16
Let w be ((-3)/(-2))/((-1)/2). Let p(l) = -6*l - 2. Suppose -4 = 3*v - 31. Calculate the remainder when p(w) is divided by v.
7
Let c(m) = -4*m - 9. Let n = -3 + -2. Calculate the remainder when c(n) is divided by (-1)/3 + 19/3.
5
Let v be 2/9 - 79/(-9). Let z = 38 - v. Calculate the remainder when z is divided by 10.
9
Suppose 336 + 6 = 6*q. What is the remainder when q is divided by 20?
17
Suppose -4*x - 4*o + 39 = x, 2*o = 4*x - 26. Suppose 2*s + 2*p = -p + 48, -3*s + 3*p + 42 = 0. What is the remainder when s is divided by x?
4
Let b(k) = -5*k**2 + k - k**3 + 0*k**3 + 15*k**2. Let h be b(10). Let u = -1 + h. What is the remainder when 26 is divided by u?
8
Suppose -2*a - 3*u = u - 22, -3*a + 2*u + 65 = 0. Suppose -2*b + b = -10. Calculate the remainder when a is divided by b.
9
Suppose -3*k + 2*k = -37. Let w = -29 + 42. Calculate the remainder when k is divided by w.
11
Let h be 0 - (0 + -1)*3. Let j = 26 + -21. Suppose 4*o = -j*n + 66, -h*n - 3*o + 53 = n. Calculate the remainder when 26 is divided by n.
12
Calculate the remainder when (-25)/((-4)/(-8)*-2) is divided